s 1365193781 a composite number?
True
Is 539580233 composite?
True
Is 246497479282 composite?
True
Is 1107866833 prime?
False
Is 87038433647 composite?
True
Is 1149077386 prime?
False
Is 21481360969 a prime number?
False
Is 137262723574 composite?
True
Is 22037981411 a composite number?
False
Is 8696638079 composite?
False
Is 7752496789 a composite number?
True
Is 58145327 composite?
False
Is 7716169 prime?
True
Is 189736535717 prime?
True
Is 1819957969 a prime number?
False
Is 10994612753 a prime number?
True
Is 176350081 a prime number?
False
Is 1061994149 a composite number?
False
Is 62587339979 a composite number?
False
Is 2737079291 a prime number?
True
Is 14566403609 a prime number?
True
Is 37795795927 a prime number?
True
Is 1728751579 composite?
True
Is 8665028851 composite?
False
Is 1694406193 a prime number?
True
Is 254945723 prime?
True
Is 5989984907 a prime number?
True
Is 2215082929 a prime number?
True
Is 8527064597 composite?
True
Is 1444349003 composite?
False
Is 236770451 a prime number?
False
Is 1759006901 composite?
False
Is 12274728407 a composite number?
False
Is 106934728133 composite?
True
Is 12211697633 a composite number?
False
Is 1430096257 composite?
True
Is 5124613034 prime?
False
Is 31753104989 a composite number?
False
Is 42906747589 a composite number?
False
Is 1087962517 a prime number?
True
Is 110536931 a composite number?
False
Is 454576841 a prime number?
False
Is 1227039161 a prime number?
True
Is 10697385533 composite?
False
Is 1742442029 a prime number?
False
Is 90114526501 prime?
True
Is 7392727603 a composite number?
False
Is 5112568081 a prime number?
False
Is 41064794747 a composite number?
False
Is 25584416393 a prime number?
False
Is 717775127 a composite number?
False
Is 164147204783 a prime number?
True
Is 1494006041 a composite number?
True
Is 53674352533 a prime number?
False
Is 34419679619 a composite number?
True
Is 21703469387 composite?
False
Is 259491259 composite?
False
Is 18508568537 prime?
True
Is 4810811189 composite?
True
Is 444148043 a prime number?
True
Is 4806237223 a prime number?
False
Is 1319083079 a composite number?
False
Is 4791514327 a prime number?
True
Is 7547837443 composite?
False
Is 5555110879 composite?
True
Is 853270777 prime?
True
Is 2106257899 prime?
False
Is 751271867 prime?
False
Is 49795181003 a prime number?
False
Is 3466195723 a prime number?
False
Is 32370998021 composite?
True
Is 27238864967 composite?
False
Is 755256803 a composite number?
True
Is 59421608054 a composite number?
True
Is 2887575739 prime?
True
Is 12636775163 prime?
False
Is 182211461 composite?
False
Is 1248033197 composite?
True
Is 2422958458 a composite number?
True
Is 25961226383 a prime number?
False
Is 7298516081 a prime number?
True
Is 29649368017 a composite number?
False
Is 8759162627 a composite number?
True
Is 54005729249 a prime number?
False
Is 27591431421 composite?
True
Is 2720141927 a composite number?
False
Is 10480012397 composite?
False
Is 1177828851 prime?
False
Is 345400469 a prime number?
False
Is 41023861 a prime number?
False
Is 5614628893 composite?
False
Is 140572371793 composite?
True
Is 1345784653 prime?
True
Is 38072862383 a composite number?
False
Is 37160402207 a prime number?
True
Is 4665017713 prime?
True
Is 35774957411 composite?
False
Is 51324617083 a composite number?
False
Is 613494547 prime?
True
Is 390132779 a prime number?
False
Is 26940589429 prime?
False
Is 1710567839 a composite number?
True
Is 120256484329 a composite number?
False
Is 81429206113 composite?
True
Is 1566183079 a prime number?
True
Is 113976004783 a prime number?
True
Is 45097753933 prime?
True
Is 501593023 composite?
False
Is 27012873039 a prime number?
False
Is 121016973689 a composite number?
True
Is 68721369931 a composite number?
False
Is 305601973 a composite number?
True
Is 180141721 composite?
False
Is 54434579 composite?
False
Is 11241906593 a prime number?
True
Is 1019939509 a prime number?
False
Is 261935857 a prime number?
False
Is 44083170749 a prime number?
True
Is 42145427 a composite number?
True
Is 126319220891 composite?
False
Is 1179600671 a composite number?
False
Is 143879777 a prime number?
False
Is 57372169111 a prime number?
False
Is 11805823583 a prime number?
False
Is 32090141522 a prime number?
False
Is 20073511567 a composite number?
False
Is 2728216501 a prime number?
True
Is 62779018427 composite?
False
Is 204477883781 composite?
False
Is 51776810063 a composite number?
True
Is 19278781597 a prime number?
True
Is 24115472449 prime?
True
Is 47552899 composite?
False
Is 1112290411 a prime number?
False
Is 5464469167 composite?
False
Is 4366702343 a composite number?
False
Is 68921078917 prime?
False
Is 7613130461 a composite number?
False
Is 7841486417 prime?
True
Is 13555356343 a composite number?
True
Is 1742317541 a composite number?
False
Is 304348193 prime?
True
Is 7108372309 prime?
True
Is 18272576669 a prime number?
False
Is 4961920811 composite?
True
Is 1509603203 composite?
False
Is 378965077 a composite number?
True
Is 73139453 a prime number?
False
Is 5183272517 composite?
True
Is 8301573457 prime?
True
Is 1820779003 composite?
True
Is 503776633 a composite number?
True
Is 3504186431 composite?
False
Is 23995244591 a composite number?
False
Is 150658939 composite?
False
Is 2797724057 composite?
False
Is 5578564567 a composite number?
True
Is 4170944527 a composite number?
False
Is 536982097 a prime number?
False
Is 12188864671 prime?
True
Is 3612374362 a prime number?
False
Is 1713386657 a prime number?
False
Is 5768933063 composite?
False
Is 421649489 a composite number?
False
Is 640749707 composite?
True
Is 75218078101 prime?
True
Is 1419627587 composite?
True
Is 2416006861 composite?
False
Is 32779628801 a prime number?
False
Is 13375617091 a composite number?
True
Is 2032098491 composite?
False
Is 3172711577 prime?
False
Is 2787960529 composite?
False
Is 1118745373 a composite number?
False
Is 22565696479 a prime number?
False
Is 1293800771 prime?
True
Is 2372516887 a composite number?
True
Is 331705337 a prime number?
True
Is 12256631939 composite?
False
Is 7124911201 a composite number?
True
Is 3700918621 a composite number?
False
Is 16070992447 composite?
False
Is 1056644059 a prime number?
True
Is 70709270687 composite?
True
Is 2442301201 composite?
False
Is 1686805243 a composite number?
False
Is 649112293 composite?
False
Is 21811409321 a prime number?
False
Is 170680798819 a prime number?
True
Is 9671470013 composite?
True
Is 58933963 composite?
True
Is 714663911 prime?
False
Is 1676133799 a prime number?
True
Is 22913877037 composite?
False
Is 23043698933 a composite number?
False
Is 23869247 a composite number?
False
Is 2005524239 a prime number?
True
Is 18655513 a prime number?
False
Is 2206937101 composite?
True
Is 10385265617 a composite number?
True
Is 38484907 prime?
True
Is 546271079 prime?
True
Is 1530642511 a composite number?
False
Is 745762231 a composite number?
True
Is 669734089 prime?
False
Is 6518480551 composite?
True
Is 1470545851 a prime number?
True
Is 11501459989 prime?
True
Is 25043203651 a prime number?
True
Is 884032757 a composite number?
False
Is 6564126999 a composite number?
True
Is 964025467 a composite number?
False
Is 435270041 composite?
False
Is 3201003343 a prime number?
True
Is 1941171763 prime?
True
Is 2411472937 composite?
False
Is 12395777 a composite number?
True
Is 500939239 prime?
False
Is 1440130567 composite?
True
Is 83080696781 a prime number?
False
Is 16031751563 prime?
False
Is 774788107 a composite number?
True
Is 29137573639 prime?
False
Is 2109524909 prime?
True
Is 4461700127 a prime number?
False
Is 18209616461 prime?
False
Is 19239161 a prime number?
True
Is 299096713 a composite number?
False
Is 1895349439 a composite number?
True
Is 37017315191 composite?
False
Is 6282798481 a prime number?
True
Is 1600896149 a composite number?
True
Is 12464449571 a composite number?
True
Is 28789734907 a prime number?
False
Is 30011741671 prime?
True
Is 3797545487 prime?
False
Is 2048823937 prime?
True
Is 451102411 a prime number?
False
Is 500409019 a composite number?
True
Is 242814109 prime?
True
Is 29851392107 a prime number?
True
Is 89645542033 prime?
True
Is 2779440569 a composite number?
Fa